tor of 356 and 138751.
89
What is the highest common factor of 18925 and 3125?
25
Calculate the highest common factor of 1271024 and 1469.
113
Calculate the greatest common divisor of 96 and 3228.
12
What is the greatest common divisor of 533010 and 240?
30
What is the highest common divisor of 55 and 763290?
55
What is the greatest common divisor of 32 and 1422?
2
Calculate the highest common divisor of 76682 and 46.
46
Calculate the highest common divisor of 55884 and 12.
12
What is the highest common divisor of 3066019 and 121?
121
What is the greatest common divisor of 2001 and 93960?
87
What is the greatest common factor of 104 and 23140?
52
What is the highest common divisor of 112 and 27712?
16
Calculate the greatest common factor of 2016 and 43008.
672
Calculate the highest common factor of 100866 and 12.
6
Calculate the highest common factor of 432 and 7728.
48
What is the greatest common divisor of 1130496 and 69?
69
Calculate the highest common factor of 122734 and 5630.
1126
What is the highest common factor of 13824 and 2619?
27
What is the greatest common divisor of 1059120 and 360?
360
What is the greatest common divisor of 9217 and 709?
709
Calculate the highest common divisor of 792738 and 198.
18
What is the highest common factor of 20 and 1300040?
20
Calculate the highest common factor of 128128 and 264.
88
Calculate the highest common divisor of 35847 and 189.
63
Calculate the greatest common factor of 22420 and 160.
20
Calculate the greatest common divisor of 30 and 4836990.
30
What is the highest common divisor of 896 and 99092?
28
What is the greatest common divisor of 26720 and 167?
167
Calculate the highest common factor of 164815 and 10710.
595
What is the highest common divisor of 82156 and 460?
92
What is the highest common divisor of 23316 and 3819?
201
Calculate the highest common divisor of 1789328 and 16.
16
Calculate the greatest common divisor of 159613 and 4879.
697
Calculate the greatest common divisor of 7654 and 473.
43
What is the greatest common divisor of 3757 and 2312?
289
Calculate the highest common factor of 1408 and 8752.
16
Calculate the greatest common factor of 29124 and 93035.
809
Calculate the highest common divisor of 63414 and 99186.
1626
Calculate the highest common divisor of 149 and 26.
1
What is the highest common divisor of 12258 and 324?
54
Calculate the greatest common factor of 1384 and 400322.
346
Calculate the highest common factor of 52 and 2672852.
52
Calculate the highest common factor of 8 and 7622.
2
Calculate the highest common divisor of 60 and 83180.
20
What is the greatest common factor of 357870 and 330?
30
Calculate the highest common factor of 436164 and 456.
228
What is the highest common factor of 1914 and 276138?
174
What is the highest common divisor of 1682 and 63046?
58
What is the highest common divisor of 15 and 106360?
5
Calculate the highest common factor of 1300 and 3341.
13
What is the greatest common factor of 25807 and 60479?
197
Calculate the highest common factor of 134358 and 7056.
294
What is the highest common divisor of 367177 and 43?
43
What is the greatest common factor of 264 and 2937?
33
Calculate the greatest common factor of 63789 and 2112.
33
Calculate the highest common factor of 15790 and 1150.
10
What is the highest common divisor of 48 and 87888?
48
Calculate the highest common divisor of 19 and 92739.
19
What is the highest common factor of 33 and 1707?
3
What is the highest common factor of 513 and 16416?
513
What is the highest common divisor of 3 and 31593?
3
What is the highest common divisor of 84872 and 3296?
824
Calculate the highest common divisor of 1342117 and 763.
763
What is the greatest common divisor of 28 and 6187972?
28
Calculate the greatest common factor of 4 and 2228.
4
Calculate the greatest common factor of 1449 and 991599.
483
What is the highest common factor of 1264 and 81212?
316
Calculate the greatest common factor of 44588 and 100.
4
Calculate the highest common factor of 48 and 98598.
6
Calculate the highest common divisor of 56 and 25000.
8
What is the highest common divisor of 44 and 53746?
22
Calculate the highest common divisor of 75 and 1255440.
15
What is the highest common divisor of 524 and 1174546?
262
What is the highest common divisor of 10 and 14345?
5
Calculate the highest common divisor of 4307 and 74533.
73
What is the highest common factor of 9324 and 794316?
444
What is the greatest common divisor of 48 and 12160?
16
Calculate the highest common divisor of 17329 and 1612.
403
What is the highest common factor of 35960 and 682?
62
Calculate the greatest common divisor of 815903 and 1839.
613
Calculate the greatest common divisor of 2490 and 435.
15
What is the greatest common divisor of 766 and 122?
2
Calculate the highest common divisor of 5128 and 57049.
641
Calculate the highest common divisor of 2250 and 510.
30
What is the highest common factor of 9 and 85581?
9
Calculate the greatest common factor of 4615 and 25915.
355
What is the highest common divisor of 636651 and 9144?
1143
What is the highest common factor of 53811 and 621?
27
What is the highest common factor of 2259 and 68523?
753
Calculate the greatest common divisor of 39 and 7436897.
13
Calculate the highest common factor of 2013125 and 15.
5
What is the highest common divisor of 16104 and 16?
8
Calculate the highest common factor of 347065 and 820.
205
What is the highest common divisor of 646 and 90953?
19
Calculate the greatest common factor of 114 and 93.
3
Calculate the highest common divisor of 882 and 129906.
126
What is the highest common divisor of 1163960 and 196?
28
What is the greatest common factor of 216 and 135912?
24
Calculate the greatest common divisor of 1680 and 56910.
210
Calculate the highest common divisor of 49769 and 1585.
317
What is the highest common factor of 64 and 173056?
64
Calculate the greatest common factor of 18 and 518928.
6
Calculate the greatest common factor of 165 and 3971715.
165
What is the highest common divisor of 945 and 3357?
9
Calculate the greatest common factor of 1034 and 7.
1
Calculate the greatest common divisor of 11824 and 1128.
8
What is the highest common divisor of 498 and 130393?
83
Calculate the greatest common divisor of 18113 and 3070.
307
Calculate the highest common divisor of 67295 and 215.
215
Calculate the greatest common factor of 160 and 2577760.
160
Calculate the highest common factor of 14471 and 116.
29
Calculate the highest common factor of 10 and 23373.
1
What is the highest common divisor of 24970 and 220?
110
What is the highest common divisor of 1508155 and 3740?
935
Calculate the greatest common divisor of 126864 and 48.
48
Calculate the highest common divisor of 2957 and 1.
1
Calculate the highest common factor of 845 and 78715.
65
Calculate the highest common divisor of 140 and 228620.
140
What is the greatest common divisor of 3 and 274884?
3
What is the greatest common divisor of 1634 and 2881?
43
What is the greatest common factor of 129438 and 1938?
102
Calculate the highest common divisor of 3078 and 3306.
114
What is the greatest common divisor of 119848 and 16?
8
Calculate the greatest common divisor of 125705 and 124.
31
What is the highest common factor of 114736 and 1207?
71
Calculate the greatest common divisor of 2024 and 1472.
184
Calculate the highest common factor of 8 and 136576.
8
Calculate the greatest common factor of 24339 and 378.
21
What is the greatest common divisor of 28 and 27041?
7
What is the highest common factor of 2196 and 54656?
244
What is the highest common divisor of 769912 and 4038?
1346
What is the greatest common factor of 675 and 125040?
15
What is the greatest common divisor of 18 and 3198?
6
What is the greatest common factor of 40986 and 45034?
506
What is the greatest common factor of 74930 and 970?
10
Calculate the greatest common divisor of 206926 and 13502.
314
What is the highest common factor of 441 and 11991?
21
What is the highest common factor of 10571 and 15345?
341
What is the highest common divisor of 8469 and 27?
9
Calculate the greatest common factor of 4188 and 60.
12
What is the highest common factor of 79061 and 457?
457
What is the greatest common factor of 3 and 994002?
3
Calculate the